se -3*z - z + 5449 = -5*j, 2*z - 2*j - q = 0. Is z a prime number?
True
Suppose 3*h - 13248 = 13161. Is h composite?
False
Let a = -7 - -9. Is 995 + -2*(a - 1) composite?
True
Let p(d) = -35*d + 8. Let t be p(-6). Suppose -547 = 10*g - 11*g. Let w = g - t. Is w composite?
True
Let g = 16 - 11. Suppose 4*d - 904 = -g*m, d + 4*m - 49 = 166. Suppose d = 3*u - 4*q + q, -u = -2*q - 75. Is u a prime number?
True
Let a = 9 - 6. Suppose w - 6*w = -3*o + 15, a*o + 5*w = 45. Is o/(-30) + 502/3 prime?
True
Let m = 18 - 10. Suppose 0 = -2*q + m*q - 354. Is q composite?
False
Let c(z) = 2*z + 3701. Let h be c(0). Let a = h - 1489. Is 12/20 + a/5 prime?
True
Let a be (-2 - -1)*(-6 - -4). Let r(b) = -2*b - 1 + 5 - a + 0 + b**2. Is r(-5) a composite number?
False
Let m be 1*(1 + -4) + (-1459188)/(-27). Suppose 12*q - m = -6437. Is q a composite number?
False
Suppose 3 + 3 = -2*q. Is q + (545 - -3) + -4 prime?
True
Let m = 27502 + -9315. Is m a prime number?
False
Suppose -k + 2*g = 4*g + 528, 0 = -4*g - 4. Let b = k + 963. Is b prime?
False
Is ((-791)/5)/((-8)/(-10) - 1) a prime number?
False
Let s = -13 + 13. Suppose -2*q + 2*a = -108, s*a = 5*q - 2*a - 282. Suppose -l - q = -2*l. Is l prime?
False
Suppose 5*w - 6*w + 14906 = 0. Suppose -10*x + 6624 = -w. Is x prime?
True
Suppose -2*r + b + 2 = 0, -4*r = -0*b + 4*b - 16. Suppose -r*g - 8 = 0, 5*w - 7609 + 904 = 5*g. Is w composite?
True
Is ((-14786)/4)/(36/(-72)) composite?
False
Let j(t) = t**3 + t**2 + 1. Let l(i) = 4*i**3 + 3*i**2 - 8*i + 13. Let h(a) = 6*j(a) - l(a). Is h(8) prime?
False
Suppose -i = 4*i - 380. Suppose 4*f + 4 = -i. Is (-6032)/f - (-9)/(-15) a composite number?
True
Let h = 34 + -14. Suppose -2*x + h = 2*x. Suppose 3*z = x + 4. Is z prime?
True
Suppose 2*y + 3*v - 51763 = 0, -17*y - 2*v - 77677 = -20*y. Is y prime?
True
Let c be 36/(-27)*(-18)/8. Let x be -4295*((-17)/5 + c). Suppose -1457 = -5*h + x. Is h composite?
True
Suppose -5*w + 2*w = 27. Let b be 51/w*-4*3. Let r = b + 6. Is r a composite number?
True
Suppose 114 = 5*k + 9. Suppose k = -x + 5. Is ((-235)/2)/(8/x) prime?
False
Suppose 0 = -0*g - 4*g + 292. Let f be 16/28 - g/(-7). Suppose f*y = 14*y - 669. Is y prime?
True
Let k(o) = -o**3 - 3*o**2 - 2*o + 2. Let u(p) = p + 5. Let x be u(-8). Let w be k(x). Let d = w - 4. Is d a composite number?
True
Suppose -3*s - 674 = -2*p - 0*p, -481 = 2*s + 5*p. Let a = s - -363. Suppose -3*m - a + 768 = 0. Is m prime?
True
Let m(t) be the third derivative of 2*t**5/15 - 2*t**3/3 + 6*t**2. Let d be m(-3). Suppose s - 235 = d. Is s a prime number?
False
Let u(x) = 2*x + 24. Let t be u(-12). Suppose t = 4*o - 476 - 1152. Is o a prime number?
False
Let i = -10216 + 14753. Let z = i - 2742. Is z prime?
False
Let l(k) = -103*k - 78. Is l(-13) composite?
True
Suppose c + 280 = 5*c. Is 32820/c + 2/14 prime?
False
Let j = 50 - 46. Suppose -3*c + 7*a - j*a = -2733, a = 0. Is c composite?
False
Suppose 5989 = -16*v + 150645. Is v a prime number?
True
Let p = -6342 - -14339. Is p a prime number?
False
Let q = -543 - -860. Is q composite?
False
Suppose 3*o = -0*x - 4*x + 907, 3*o = 2*x + 937. Let n = o - 182. Is n composite?
False
Suppose 157*m - 153*m - 88436 = 0. Is m a prime number?
True
Suppose -5*i = x - 7350, 4*x + 928 + 542 = i. Let v = i + -985. Is v a prime number?
False
Let y(j) = 536*j**2 + j - 8. Is y(2) prime?
False
Let j(v) = v**3 + 9*v**2 + 7*v - 8. Let g be j(-8). Suppose -5*h - 3*s + 26 = g, 3*h - 8 = -2*s + 4*s. Suppose -h*q + 163 - 15 = 0. Is q a prime number?
True
Suppose p - 6*p = -35. Suppose 0 = 5*j - p*j + 46. Let u = j - -234. Is u a prime number?
True
Let k be -3 - (-618)/90 - (-2)/15. Suppose -2*g + 6 = -5*g, c = -k*g + 50. Is c a prime number?
False
Suppose -3*f + 664 = -4*f + p, 2*p = 5*f + 3317. Let w(b) = -1303*b**3 - 3*b**2 + 7*b - 5. Let v be w(1). Let n = f - v. Is n composite?
False
Let j = -285 - 54. Let h = -38 - j. Is h composite?
True
Let a be (383/2)/1*-2. Let g be 4/(-10) - (-32120)/50. Let y = g + a. Is y a prime number?
False
Suppose -4*b + 3021 = 2*v - 13869, -b = 3*v - 25355. Is v prime?
False
Let c(b) = b + 1. Let q(j) = 24*j + 3. Let k(i) = -4*c(i) + q(i). Is k(2) a composite number?
True
Let n be 632/5 + 28/(-70). Let p = n + 125. Is p prime?
True
Suppose 5*a = z + 6*a - 67, 4*z - 3*a = 289. Let m(q) = q**3 + q**2 - 4*q - 1. Let n be m(5). Let s = n - z. Is s composite?
False
Let h(y) = -y**3 - 11*y**2 - 9*y + 13. Let p be h(-10). Suppose -p*x - 1973 = -443. Is -1*(x + (-4)/(-4)) composite?
False
Suppose 4*s - 6 = -b + 3*b, -2*b + 2*s = -2. Let m = 20 - -76. Suppose -b*r + m = -59. Is r a prime number?
True
Let t(h) = 6*h - 22*h + h - 14*h - 6. Let u be t(-4). Let x = u + 17. Is x a composite number?
False
Suppose 83*q - 46043 = 39530. Is q a composite number?
False
Let m(b) = 6 - 17 + 26*b + 7*b + 13*b. Let d be 4/(-14) + (-186)/(-14). Is m(d) a prime number?
True
Let r(x) be the third derivative of x**7/126 - x**6/240 + 13*x**5/60 + 8*x**2. Let u(t) be the third derivative of r(t). Is u(6) prime?
False
Suppose h - 4*c - 7568 = -h, -4*h + 15156 = -4*c. Suppose 0*q - h = -2*q + 2*x, x = -2*q + 3782. Suppose -d = -4*d + q. Is d a composite number?
False
Let q(l) = l**2 - 4*l + 5. Let m be q(-5). Suppose m*j = 47*j. Suppose n - 5*n + 12 = j. Is n prime?
True
Let y = -9427 + 19464. Is y a composite number?
False
Suppose -4*j - 8 = -2*j. Is j + 2337 + 0 + 1 + -1 a composite number?
False
Let y = 2 - -1. Is 7014/24 - y/(-12)*3 prime?
True
Let z(y) = -8*y - 17. Let o(p) = -5*p - 6. Let c be o(-4). Let h(f) = -f**2 + 15*f - 21. Let v be h(c). Is z(v) a prime number?
False
Let f = 1133 + -809. Let y = f + -65. Is y composite?
True
Suppose -4*b + 18739 = -153*v + 158*v, 0 = -5*b - 3*v + 23440. Is b composite?
False
Let f = -104 - -143. Is 385 + f/9 + (-1)/3 prime?
True
Let o(w) = -10*w**3 - w - 1. Let p be o(-1). Let b be -3 + p - (-1 - 1). Suppose -37 = 8*u - b*u. Is u prime?
True
Let g(k) = -275*k - 6. Let z(j) = -275*j - 7. Let i(u) = 2*g(u) - 3*z(u). Is i(4) composite?
False
Let z = 3050 + 7509. Is z composite?
False
Let p = -2453 - -13615. Is p prime?
False
Suppose 0 = 3*u - d - 13456, -22404 = -7*u + 2*u - 4*d. Suppose -336 = 4*q - u. Is q a prime number?
False
Let q(i) = 5*i**2 + 9*i + 5. Let l be q(-15). Suppose -2*g + l + 443 = 0. Is g composite?
False
Let r(j) = 3*j**3 + 5*j + 5. Let d be r(3). Suppose -d*c - 3413 = -102*c. Is c composite?
False
Suppose 21*j - 22*j + 6533 = -4*u, -5*u - 15 = 0. Is j composite?
False
Suppose -5*z + 6*o + 25855 = 2*o, 2*z - 10344 = 2*o. Is z a prime number?
True
Suppose 4*m - 6*m + 10 = 0. Suppose 369 = m*r - 2*r. Is r a prime number?
False
Let j be (-24)/(-15) - 4/(-10) - -1. Is 7279/j + 2/3 a prime number?
False
Let w = -14 + 18. Suppose -w + 1 = -d. Is (9/3)/(d/55) a prime number?
False
Let c be 1*(-1 + -1) - -6. Suppose 0*r - c*r = -308. Is r composite?
True
Suppose 981 - 113 = 4*k. Suppose 5*j - 6*j = -k. Is j composite?
True
Let j(l) = -2*l - 35*l**2 + 89*l**2 + 81*l**2 + 2. Let z be j(2). Suppose 0 = s + 119 - z. Is s composite?
False
Suppose 70591 = 4*g - 3*q, -3*g - 3*q - 22913 + 75851 = 0. Is g a composite number?
True
Let v = -25 - -28. Is (v - (-30)/(-9))/((-1)/7593) composite?
False
Let g be (2/7)/((-16)/112). Let j be 1/(1/10 - 0). Is g/((-8)/106)*j prime?
False
Let f = -60 - -66. Suppose -f*o + 2936 = -3*o - p, -2 = -2*p. Is o prime?
False
Let l(p) = 7*p. Let x be l(1). Suppose d + 2*a = a + x, -2*d - 3*a = -17. Suppose 5*u = -d*n + 1353, 1370 = 5*n + 4*u - 319. Is n a prime number?
True
Suppose 5*v = v. Suppose 3*a - 7*a = v. Is (-370)/(-4)*(a + 2) prime?
False
Let o(i) = -8*i - 6. Suppose 5*m + 17 = -n, 0 = 5*n + 5*m + 9 + 36. Let w be o(n). Suppose 4*d + k = -k + w, -4*k = 3*d - 45. Is d a composite number?
False
Suppose -2*x = v - 903 + 237, 3*v = -x + 343. Is x a prime number?
True
Suppose -g - 2*g = -348. Let b = g + -71. Is 2/5 + 18567/b composite?
True
Suppose 4*w - 5*y = 39197, 4*y = -2*w - w + 29359. Is w a composite number?
True
Suppose 62*b - 65*b = -11955. Is b a composite number?
True
Suppose -4*h - 5*f + 21896 = 0, h = 14*f - 17*f + 5467. Is h composite?
False
Suppose -h - 828 = -n, -4*h = 4*n + 1134 + 2178. Let m = 1466 + h. Suppose -2*q = 2*b - 326, m = 4*b - 0*q - 3*q. Is b a prime num